 divided by 43.
8
Calculate the remainder when 199 is divided by 58.
25
What is the remainder when 143 is divided by 11?
0
Calculate the remainder when 18314 is divided by 99.
98
What is the remainder when 105 is divided by 91?
14
Calculate the remainder when 2349 is divided by 292.
13
What is the remainder when 20 is divided by 11?
9
What is the remainder when 129 is divided by 78?
51
What is the remainder when 36 is divided by 10?
6
Calculate the remainder when 66 is divided by 4.
2
Calculate the remainder when 264 is divided by 21.
12
Calculate the remainder when 261 is divided by 92.
77
What is the remainder when 250 is divided by 136?
114
What is the remainder when 2879 is divided by 18?
17
What is the remainder when 638 is divided by 10?
8
Calculate the remainder when 213 is divided by 76.
61
Calculate the remainder when 32 is divided by 27.
5
What is the remainder when 343 is divided by 100?
43
Calculate the remainder when 959 is divided by 80.
79
Calculate the remainder when 80 is divided by 27.
26
What is the remainder when 25 is divided by 6?
1
Calculate the remainder when 985 is divided by 21.
19
Calculate the remainder when 196 is divided by 87.
22
Calculate the remainder when 285 is divided by 44.
21
What is the remainder when 302 is divided by 300?
2
Calculate the remainder when 3329 is divided by 15.
14
Calculate the remainder when 163 is divided by 45.
28
What is the remainder when 111 is divided by 21?
6
What is the remainder when 776 is divided by 157?
148
Calculate the remainder when 402 is divided by 58.
54
What is the remainder when 3744 is divided by 1239?
27
What is the remainder when 958 is divided by 7?
6
Calculate the remainder when 833 is divided by 134.
29
What is the remainder when 209 is divided by 21?
20
Calculate the remainder when 46 is divided by 21.
4
What is the remainder when 87 is divided by 23?
18
What is the remainder when 699 is divided by 9?
6
What is the remainder when 1029 is divided by 12?
9
What is the remainder when 38 is divided by 15?
8
What is the remainder when 166 is divided by 95?
71
Calculate the remainder when 92712 is divided by 13.
9
What is the remainder when 645 is divided by 130?
125
Calculate the remainder when 157 is divided by 24.
13
Calculate the remainder when 518 is divided by 197.
124
Calculate the remainder when 278 is divided by 35.
33
Calculate the remainder when 160 is divided by 34.
24
Calculate the remainder when 11405 is divided by 23.
20
What is the remainder when 71 is divided by 5?
1
Calculate the remainder when 188 is divided by 91.
6
What is the remainder when 264 is divided by 82?
18
What is the remainder when 331 is divided by 21?
16
Calculate the remainder when 81 is divided by 45.
36
What is the remainder when 19380 is divided by 273?
270
What is the remainder when 1243 is divided by 261?
199
Calculate the remainder when 3017 is divided by 57.
53
What is the remainder when 290 is divided by 155?
135
Calculate the remainder when 331 is divided by 37.
35
Calculate the remainder when 1068 is divided by 40.
28
What is the remainder when 92 is divided by 89?
3
What is the remainder when 750 is divided by 42?
36
Calculate the remainder when 1842 is divided by 19.
18
What is the remainder when 734 is divided by 72?
14
What is the remainder when 29 is divided by 1?
0
What is the remainder when 234 is divided by 73?
15
What is the remainder when 128 is divided by 61?
6
Calculate the remainder when 78 is divided by 35.
8
Calculate the remainder when 466 is divided by 117.
115
Calculate the remainder when 3875 is divided by 41.
21
Calculate the remainder when 18847 is divided by 25.
22
What is the remainder when 76 is divided by 21?
13
What is the remainder when 1522 is divided by 10?
2
Calculate the remainder when 75 is divided by 42.
33
What is the remainder when 7206 is divided by 136?
134
What is the remainder when 173 is divided by 42?
5
What is the remainder when 224 is divided by 55?
4
Calculate the remainder when 215 is divided by 25.
15
Calculate the remainder when 516 is divided by 110.
76
Calculate the remainder when 27 is divided by 10.
7
Calculate the remainder when 3517 is divided by 69.
67
Calculate the remainder when 172 is divided by 35.
32
What is the remainder when 324 is divided by 30?
24
What is the remainder when 283 is divided by 85?
28
Calculate the remainder when 29 is divided by 13.
3
What is the remainder when 846 is divided by 15?
6
Calculate the remainder when 225 is divided by 217.
8
What is the remainder when 255 is divided by 22?
13
What is the remainder when 574 is divided by 191?
1
What is the remainder when 1247 is divided by 96?
95
Calculate the remainder when 2464 is divided by 16.
0
Calculate the remainder when 1399 is divided by 14.
13
What is the remainder when 22 is divided by 15?
7
Calculate the remainder when 603 is divided by 129.
87
Calculate the remainder when 1477 is divided by 13.
8
Calculate the remainder when 271 is divided by 85.
16
What is the remainder when 30 is divided by 12?
6
Calculate the remainder when 740 is divided by 14.
12
What is the remainder when 156 is divided by 21?
9
What is the remainder when 13722 is divided by 104?
98
What is the remainder when 351 is divided by 44?
43
Calculate the remainder when 37 is divided by 6.
1
Calculate the remainder when 44 is divided by 8.
4
What is the remainder when 16 is divided by 6?
4
Calculate the remainder when 19989 is divided by 12.
9
Calculate the remainder when 322 is divided by 9.
7
What is the remainder when 128 is divided by 13?
11
What is the remainder when 81 is divided by 38?
5
Calculate the remainder when 207 is divided by 10.
7
What is the remainder when 556 is divided by 154?
94
Calculate the remainder when 36 is divided by 20.
16
What is the remainder when 38 is divided by 24?
14
What is the remainder when 80 is divided by 18?
8
Calculate the remainder when 1696 is divided by 150.
46
Calculate the remainder when 54 is divided by 11.
10
Calculate the remainder when 286 is divided by 41.
40
Calculate the remainder when 2664 is divided by 25.
14
What is the remainder when 45 is divided by 17?
11
Calculate the remainder when 1411 is divided by 4.
3
Calculate the remainder when 55 is divided by 13.
3
What is the remainder when 167 is divided by 42?
41
Calculate the remainder when 419 is divided by 394.
25
Calculate the remainder when 575 is divided by 191.
2
Calculate the remainder when 373 is divided by 48.
37
Calculate the remainder when 1465 is divided by 161.
16
Calculate the remainder when 964 is divided by 21.
19
What is the remainder when 449 is divided by 9?
8
What is the remainder when 205 is divided by 61?
22
What is the remainder when 201 is divided by 106?
95
Calculate the remainder when 413 is divided by 50.
13
Calculate the remainder when 631 is divided by 126.
1
Calculate the remainder when 7235 is divided by 20.
15
What is the remainder when 5177 is divided by 37?
34
Calculate the remainder when 179 is divided by 55.
14
Calculate the remainder when 90 is divided by 44.
2
Calculate the remainder when 844 is divided by 47.
45
What is the remainder when 97 is divided by 73?
24
What is the remainder when 179 is divided by 26?
23
Calculate the remainder when 207 is divided by 59.
30
Calculate the remainder when 1415 is divided by 471.
2
What is the remainder when 1326 is divided by 52?
26
Calculate the remainder when 21 is divided by 5.
1
What is the remainder when 2878 is divided by 131?
127
Calculate the remainder when 409 is divided by 103.
100
What is the remainder when 2701 is divided by 52?
49
Calculate the remainder when 118 is divided by 22.
8
What is the remainder when 188 is divided by 68?
52
What is the remainder when 1262 is divided by 211?
207
Calculate the remainder when 224 is divided by 24.
8
Calculate the remainder when 754 is divided by 36.
34
What is the remainder when 73 is divided by 7?
3
What is the remainder when 3201 is divided by 178?
175
What is the remainder when 200 is divided by 41?
36
What is the remainder when 30261 is divided by 104?
101
Calculate the remainder when 131 is divided by 40.
11
What is the remainder when 62 is divided by 11?
7
What is the remainder when 101 is divided by 19?
6
What is the remainder 